y + 135, d = 4*j - 3*y - 575. Let z be 3*(-4)/(-6)*10. Calculate the highest common divisor of z and j.
20
Suppose -z - 5 = -4, -2*d + 213 = -3*z. What is the greatest common divisor of d and 21?
21
Let r be -10*(3/(-6) - 0). Suppose 0 = 4*c - 0*a + r*a + 7, -c + 17 = -5*a. Suppose 0*t - t = -6. What is the highest common factor of c and t?
2
Suppose 4*r + 72 = h, 0 = 2*r + 5*h - 5 + 19. Let u = 31 + r. Let w be 4/(-22) - 6552/(-462). What is the highest common factor of w and u?
14
Let t(g) = g**2 - 3*g + 3. Let q be t(-4). Let c(r) = r**2 + 5*r - 13. Let u be c(7). Let y = 164 - u. Calculate the highest common factor of y and q.
31
Let r(g) = 8*g**3 - 2*g**2 + 11*g + 3. Let w be r(4). Calculate the highest common divisor of w and 17.
17
Let p(b) = 70 + 0*b + b**2 - 67 - b. Let q be p(0). Suppose 3*i - 10 = -2*v + 6, 0 = -v - q*i + 2. Calculate the greatest common factor of 98 and v.
14
Suppose 4*m + 2*b = 68 + 78, -4*m = -b - 131. Suppose -3*o + 1389 - 243 = 0. Suppose 5*q - o = -127. What is the highest common divisor of m and q?
17
Let z(w) = w**3 + 5*w**2 - 4*w + 12. Let h be z(-6). Suppose a + h*y - y = 11, 0 = -2*y + 8. Calculate the greatest common divisor of a and 75.
15
Let b = 559 - 369. Let t be 4/(-10) - 2/(-5). Suppose -3*u + 503 + b = t. What is the highest common factor of 21 and u?
21
Let f = 35 + -28. Let a = f + 20. Calculate the greatest common factor of a and 9.
9
Let y = -39 - -43. Suppose 14*t - 220 = y*t. What is the greatest common factor of 242 and t?
22
Suppose 2*f - 78 = -3*v, 2*f + v - 83 = -5. Let a(s) = -s**3 - 4*s**2 - 3*s + 1. Let z be a(-4). Calculate the greatest common divisor of f and z.
13
Let m(g) = -g**2 + 31*g - 70. Let j be m(28). Let i = 1 + -1. Suppose -6*b + 166 + j = i. Calculate the greatest common factor of b and 90.
30
Suppose 295 = u + 4*n, 4*u - 5*n - 1020 - 160 = 0. Suppose 4*y + 7 - 19 = 0, -5*x - 5*y + u = 0. What is the highest common factor of 8 and x?
8
Let v(i) = 5*i**2 + 3*i - 2. Let k be v(2). Let b = 1895 + -1863. What is the greatest common factor of k and b?
8
Let h = 144 - -146. Calculate the highest common divisor of h and 58.
58
Let n = 2096 + -2009. Calculate the greatest common factor of 3306 and n.
87
Let y be 0 + (-2 - -3) + 1. Suppose 5*f - y*f - 9 = 0. Suppose -2*d + 0 = m + 6, 0 = f*m - 3*d - 18. What is the highest common divisor of 1 and m?
1
Let a(u) = 2*u - 25. Let l be a(15). Suppose 4*q - 92 = q + z, -l*z = -20. What is the greatest common divisor of q and 80?
16
Suppose y + 33 = 2*a - 5, 0 = -2*a + 3*y + 46. Calculate the greatest common divisor of 306 and a.
17
Let z = 12 + -4. Suppose -4*i = -6*i + 10. Suppose 0 = -a + 4*y - 7, -i*a - 2*y = y - 11. Calculate the greatest common divisor of a and z.
1
Let n = -61 - -89. Calculate the greatest common divisor of 70 and n.
14
Let w = -3485 + 3522. Let k = 602 - 269. Calculate the highest common factor of w and k.
37
Suppose -2*b - 22 = -38. Let z = 0 + b. Calculate the highest common factor of z and 8.
8
Suppose 19*b = 3*b + 2592. What is the highest common divisor of b and 36?
18
Let k = -855 - -1273. Calculate the greatest common factor of k and 38.
38
Let p(t) = 10*t - 9. Let g be p(9). Suppose 0 = -3*c + g. What is the greatest common divisor of c and 9?
9
Suppose -5*r + 2*w + 216 = 0, 0*r + 4*w = 3*r - 124. Let h = 1071 - 1049. What is the highest common factor of r and h?
22
Suppose 50*y - 1370 = 430. Suppose 4*q + 0*q = 128. Suppose 28 + q = 5*r. Calculate the highest common factor of y and r.
12
Suppose 9 = 5*n - 6. Let k be ((-216)/16)/(2/(-4)). Calculate the highest common factor of n and k.
3
Let s(w) = -w**3 - 37*w**2 - 49*w - 24. Let r be s(-36). Calculate the highest common divisor of 24 and r.
12
Suppose -3*v - 11 - 7 = -j, 2*j - 11 = v. Suppose -a + 7 = -5*g, 3*g = -a - 8 - 1. Let m = 4 + g. Calculate the greatest common factor of m and j.
1
Let h be 6/(-5)*(-50)/3. Let g be (h - (4 - 0)) + -4. Let p be (-15)/2*g/(-15). What is the greatest common factor of p and 54?
6
Let s be (138/(-24))/(3*2/(-216)). Calculate the greatest common factor of 23 and s.
23
Suppose 45*w - 50388 = -5748. Calculate the greatest common factor of 31 and w.
31
Let y = 86 - 44. Let d(w) = 104*w**3 - w**2 + 2*w. Let s be d(1). What is the greatest common factor of y and s?
21
Let d be 14/3*180/(-8). Let z = -19 - d. Suppose j + 67 = 3*l + 6*j, -4*l + z = 5*j. Calculate the highest common factor of l and 19.
19
Suppose -4*z + 7 = -2*j - j, -1 = 3*z + 4*j. Let r be 10621/26*2*z. Let d be 2/13 - r/(-13). Calculate the highest common factor of 9 and d.
9
Let w be (-7)/(20/(-8) + 2). Let b be 1*(2 - (2 - 1)). Let i be 0 - (297/(-3) + b). Calculate the highest common divisor of w and i.
14
Let s(i) = 29*i**2 - i + 10. Let z be s(3). Suppose f - z = -133. Calculate the greatest common factor of 30 and f.
15
Let r be (16 + (5 - 8))/((-1)/(-19)). What is the highest common divisor of 19 and r?
19
Suppose -596 = -4*v - 4*f, -5*f - 283 = -2*v - 10*f. Calculate the highest common factor of v and 110.
22
Let m(h) = h**3 + 8*h**2 - 5*h - 8. Let j be m(-8). Let v = j - 23. Suppose 30 + 42 = 8*d. Calculate the highest common divisor of v and d.
9
Let i = -100 - -154. Suppose -6*b = -b - 30. Calculate the highest common factor of b and i.
6
Let a(x) = 18*x**2 - 58*x + 4. Let o be a(7). Calculate the highest common factor of o and 300.
60
Suppose 0 = -3*s + 12 + 24. Let z be (-52)/6 - (3 - 11/3). Let c(r) = -4*r - 20. Let i be c(z). What is the highest common factor of i and s?
12
Suppose 4*b - 2*l = 30 + 50, 5*b + 5*l - 70 = 0. Suppose 13*x - 30*x + 204 = 0. What is the greatest common divisor of b and x?
6
Let q = 876 + -854. What is the greatest common factor of 407 and q?
11
Let t(d) = -3*d + 65. Let s be t(19). Suppose 36 = p - 5*x, 4*x - 5 = -21. Calculate the highest common factor of p and s.
8
Let l be 0 + 6/(-3) + 14. Let h be ((-80)/(-3))/(4/l). Suppose -5*d = 5*n - h, -5*n + 34 = 4*d - 48. Calculate the highest common divisor of 6 and n.
6
Suppose -2*v + 0*v = -3*s - 1038, 4*v - 2086 = s. What is the greatest common factor of v and 18?
18
Let a = -1061 - -1104. What is the greatest common divisor of a and 1?
1
Let k be (-8)/(1 - 3) + 6. Let j = -104 + 214. What is the greatest common divisor of k and j?
10
Suppose 3*r + 4 = 5*r. Suppose a - 50 = -a + r*m, 5*m + 73 = 3*a. Let g be (1 + 10/(-6))*(-33930)/348. What is the highest common divisor of a and g?
13
Let t = -7 + 12. Suppose -b + t*b = 116. Suppose a + b = 2*a. Calculate the highest common divisor of a and 203.
29
Let n = -6 - -10. Suppose -6*x + 3*x = n*u - 76, -5*u + 29 = x. What is the greatest common divisor of 3 and x?
3
Let y = -636 + 807. Calculate the greatest common divisor of 76 and y.
19
Let c = -66 + 160. Suppose -7*u = -9*u + c. Let i = u - 27. Calculate the greatest common factor of 5 and i.
5
Let s be 4/6 + (2400/(-18))/(-10). Calculate the highest common divisor of 511 and s.
7
Let n = -434 - -896. What is the highest common factor of 33 and n?
33
Let v = -75 + 95. What is the greatest common factor of v and 110?
10
Let z(b) = b - 1. Let l be z(3). Suppose l = -h + 1, 0 = -3*v + 5*h + 71. What is the highest common divisor of 154 and v?
22
Let n be (-3)/((-6)/24*3) - -6. What is the highest common factor of 45 and n?
5
Suppose -11*l + 9*l + 960 = -4*a, a - 2356 = -5*l. What is the greatest common factor of l and 8?
8
Let b(h) = h**3 + 15*h**2 - 21*h - 32. Let v be b(-16). Calculate the highest common factor of 3 and v.
3
Suppose 106*i - 91*i - 600 = 0. Calculate the highest common divisor of 130 and i.
10
Let d = -255 + 271. Calculate the highest common divisor of d and 496.
16
Let d be 17 + 3 - (12 + -10). Calculate the greatest common divisor of 16 and d.
2
Suppose -17 = -4*c - 1. Let y be (-34)/c*6/(-3). Suppose -1309 = -5*r - 6*r. Calculate the highest common factor of r and y.
17
Let q be (-5)/(-2)*(-4 + 6). Suppose 5*n = q*u - 160, 2*u - 20 = -2*n + 60. Calculate the highest common factor of 144 and u.
36
Suppose 0 = -5*u, -2*b + 4*u = b + 30. Let q = b + 12. Let j be -11*(-17 + 0/q). Calculate the greatest common divisor of 17 and j.
17
Let z be (-2790)/(-36)*(-4)/(-5)*1. Let w = z - 55. What is the greatest common divisor of 7 and w?
7
Let a(m) = m +